, 61153
What are the prime factors of 45895447?
13, 1489, 2371
List the prime factors of 204132840.
2, 3, 5, 61, 79, 353
What are the prime factors of 21121395?
3, 5, 17, 113, 733
List the prime factors of 646481186.
2, 13, 577, 43093
List the prime factors of 766445113.
7, 15641737
What are the prime factors of 220605250?
2, 5, 347, 2543
What are the prime factors of 428154229?
157, 2727097
What are the prime factors of 57291771?
3, 19097257
What are the prime factors of 84593667?
3, 29, 33529
What are the prime factors of 42612951?
3, 23, 617579
What are the prime factors of 2288933235?
3, 5, 257, 21991
List the prime factors of 20536756.
2, 29, 31, 5711
What are the prime factors of 341307162?
2, 3, 7, 541, 1669
What are the prime factors of 9742917?
3, 3247639
What are the prime factors of 2698103170?
2, 5, 7, 19, 2179
What are the prime factors of 161904123?
3, 1249, 4801
List the prime factors of 17993623.
17993623
List the prime factors of 271350757.
23, 1637, 7207
List the prime factors of 715673943.
3, 37, 2149171
List the prime factors of 173412893.
23, 2213, 3407
List the prime factors of 65146542.
2, 3, 10857757
List the prime factors of 101253537.
3, 7, 11, 113, 431
List the prime factors of 92077013.
7, 13153859
List the prime factors of 696303858.
2, 3, 397, 292319
List the prime factors of 250299607.
13831, 18097
List the prime factors of 938957.
967, 971
List the prime factors of 37071661.
11, 3370151
What are the prime factors of 340043072?
2, 5313173
List the prime factors of 119406600.
2, 3, 5, 66337
What are the prime factors of 376134795?
3, 5, 251, 33301
What are the prime factors of 48643885?
5, 17, 572281
What are the prime factors of 4783110774?
2, 3, 13, 23, 79, 33749
List the prime factors of 224919386.
2, 53, 2121881
List the prime factors of 450320626.
2, 7, 2917, 11027
List the prime factors of 55698851.
13, 17, 19387
What are the prime factors of 144728027?
113, 797, 1607
What are the prime factors of 37998025?
5, 13, 43, 2719
What are the prime factors of 16263278?
2, 19, 139, 3079
What are the prime factors of 207783665?
5, 743, 55931
List the prime factors of 210789425.
5, 7, 11, 15643
What are the prime factors of 875441353?
127, 6893239
List the prime factors of 431499039.
3, 143833013
What are the prime factors of 1851291738?
2, 3, 17, 131, 46183
List the prime factors of 947875556.
2, 29, 41, 4861
What are the prime factors of 1149216748?
2, 19, 31, 487783
List the prime factors of 186744074.
2, 11, 73, 116279
List the prime factors of 1554599088.
2, 3, 7, 271
List the prime factors of 364287546.
2, 3, 7, 2891171
List the prime factors of 94997858.
2, 71, 668999
List the prime factors of 169932208.
2, 41, 83, 3121
What are the prime factors of 23649077?
53, 137, 3257
What are the prime factors of 5591744226?
2, 3, 31, 3340349
What are the prime factors of 10181808?
2, 3, 7, 13, 37
List the prime factors of 139634287.
13, 19, 43, 13147
List the prime factors of 239036960.
2, 5, 1493981
List the prime factors of 283820557.
4409, 64373
List the prime factors of 284874227.
11, 25897657
What are the prime factors of 209717102?
2, 7, 47, 67, 71
What are the prime factors of 4040245274?
2, 13, 23, 6756263
List the prime factors of 1683075148.
2, 397, 1059871
What are the prime factors of 46487212?
2, 419, 27737
List the prime factors of 723048602.
2, 361524301
List the prime factors of 1262094027.
3, 420698009
List the prime factors of 61487199.
3, 6831911
List the prime factors of 100082835.
3, 5, 2224063
List the prime factors of 1504956031.
1504956031
What are the prime factors of 235488568?
2, 7, 4205153
List the prime factors of 1025354807.
71, 14441617
What are the prime factors of 297207929?
347, 856507
What are the prime factors of 286831694?
2, 47, 137, 22273
What are the prime factors of 134207536?
2, 59, 142169
List the prime factors of 877678082.
2, 101, 337, 12893
List the prime factors of 4055668.
2, 31, 32707
What are the prime factors of 104080644?
2, 3, 2891129
List the prime factors of 276679638.
2, 3, 1707899
What are the prime factors of 1738503906?
2, 3, 73, 419, 9473
What are the prime factors of 31018848?
2, 3, 7, 31, 1489
What are the prime factors of 38716357?
19, 157, 12979
What are the prime factors of 130330150?
2, 5, 2606603
List the prime factors of 1519054300.
2, 5, 103, 147481
List the prime factors of 205096410.
2, 3, 5, 29, 179, 439
What are the prime factors of 68138918?
2, 43, 359, 2207
What are the prime factors of 908250046?
2, 11, 19, 2172847
What are the prime factors of 638727338?
2, 4337, 73637
What are the prime factors of 251165520?
2, 3, 5, 23, 29, 523
List the prime factors of 73620663.
3, 631, 38891
What are the prime factors of 3511016135?
5, 11, 31, 137, 15031
What are the prime factors of 17609557?
7, 2515651
List the prime factors of 4407881379.
3, 11, 133572163
What are the prime factors of 2274039524?
2, 29, 449, 43661
List the prime factors of 158311919.
9209, 17191
What are the prime factors of 1089347762?
2, 887, 614063
List the prime factors of 68191987.
23, 2964869
List the prime factors of 200356978.
2, 89, 127, 8863
What are the prime factors of 39299184?
2, 3, 272911
What are the prime factors of 5819848621?
6067, 959263
List the prime factors of 28914463.
4993, 5791
What are the prime factors of 231975584?
2, 7249237
What are the prime factors of 14634322?
2, 7317161
List the prime factors of 109165432.
2, 17, 193, 4159
What are the prime factors of 129753256?
2, 1877, 8641
List the prime factors of 3864773.
11, 351343
What are the prime factors of 1624812295?
5, 324962459
List the prime factors of 878962786.
2, 13, 61, 383, 1447
List the prime factors of 47616021.
3, 83, 63743
What are the prime factors of 1287975765?
3, 5, 409, 209939
What are the prime factors of 4592515454?
2, 2296257727
List the prime factors of 3680020449.
3, 7, 58413023
List the prime factors of 53326589.
1949, 27361
What are the prime factors of 38470377?
3, 11, 131, 809
What are the prime factors of 48791648?
2, 23, 66293
List the prime factors of 330332616.
2, 3, 4587953
List the prime factors of 6087100512.
2, 3, 17, 23, 257, 631
What are the prime factors of 90331608?
2, 3, 17, 221401
What are the prime factors of 2531578313?
11, 59, 3900737
List the prime factors of 1066954109.
13, 29, 557, 5081
What are the prime factors of 1144125242?
2, 13, 19, 79, 1543
List the prime factors of 177633667.
177633667
What are the prime factors of 396959134?
2, 11, 13, 19, 29, 229
List the prime factors of 2036092027.
101, 20159327
List the prime factors of 467254648.
2, 7, 37, 225509
List the prime factors of 63359933.
7, 13, 696263
What are the prime factors of 272380469?
3767, 72307
List the prime factors of 49423620.
2, 3, 5, 823727
List the prime factors of 708942424.
2, 88617803
List the prime factors of 1510038964.
2, 7, 23, 97, 1051
List the prime factors of 2074363036.
2, 73, 887, 8009
List the prime factors of 2027220445.
5, 9833, 41233
What are the prime factors of 148067083?
271, 546373
What are the prime factors of 348464100?
2, 3, 5, 1161547
List the prime factors of 49505610.
2, 3, 5, 7, 11, 29, 739
What are the prime factors of 121373198?
2, 683, 88853
List the prime factors of 200861826.
2, 3, 11, 37, 83, 991
What are the prime factors of 144389405?
5, 29, 47, 21187
What are the prime factors of 25277118?
2, 3, 239, 17627
List the prime factors of 93745024.
2, 41, 17863
List the prime factors of 2487738830.
2, 5, 1733, 143551
What are the prime factors of 136885695?
3, 5, 9125713
List the prime factors of 13656217.
13656217
What are the prime factors of 35008360?
2, 5, 875209
What are the prime factors of 30948824?
2, 101, 38303
List the prime factors of 1726519.
139, 12421
List the prime factors of 731945150.
2, 5, 59, 248117
What are the prime factors of 215991790?
2, 5, 7, 47, 65651
List the prime factors of 50524226.
2, 43, 61, 9631
What are the prime factors of 6910183977?
3, 47, 2411, 20327
What are the prime factors of 53083578?
2, 3, 401, 22063
List the prime factors of 1225162117.
1225162117
What are the prime factors of 52473953?
7, 19, 157, 359
What are the prime factors of 129642527?
7, 17, 31, 113, 311
What are the prime factors of 117413302?
2, 5297, 1